{"id":8,"date":"2020-09-15T06:48:51","date_gmt":"2020-09-15T04:48:51","guid":{"rendered":"http:\/\/bcbc64.fr\/index.php\/services\/"},"modified":"2024-11-23T14:05:30","modified_gmt":"2024-11-23T13:05:30","slug":"services","status":"publish","type":"page","link":"https:\/\/bcbc64.fr\/index.php\/services\/","title":{"rendered":"ADULTES"},"content":{"rendered":"\n<div class=\"wp-block-uagb-container uagb-block-c13650c8 alignfull uagb-is-root-container\"><div class=\"uagb-container-inner-blocks-wrap\">\n<div class=\"wp-block-uagb-advanced-heading uagb-block-413aaaad\"><h1 class=\"uagb-heading-text\">SORTIES ADULTES ET FAMILLES<\/h1><\/div>\n<\/div><\/div>\n\n\n\n<div class=\"wp-block-uagb-container uagb-block-ff421f96 alignfull uagb-is-root-container\"><div class=\"uagb-container-inner-blocks-wrap\">\n<div class=\"wp-block-uagb-advanced-heading uagb-block-9da57686\"><h2 class=\"uagb-heading-text\">TOUTES LES PRESTATIONS SONT DISPONIBLES EN BON CADEAUX<\/h2><div class=\"uagb-separator\"><\/div><p class=\"uagb-desc-text\">Un cadeau original pour se perfectionner en VTT ou simplement prendre du bon temps.<\/p><\/div>\n\n\n\n<div class=\"wp-block-uagb-container uagb-block-5ac2db3c\">\n<div class=\"wp-block-uagb-container uagb-block-01a43c71\">\n<div class=\"wp-block-uagb-info-box uagb-block-add186f5 uagb-infobox__content-wrap  uagb-infobox-icon-above-title uagb-infobox-image-valign-top\"><div class=\"uagb-ifb-content\"><div class=\"uagb-ifb-image-content\"><img decoding=\"async\" src=\"http:\/\/bcbc64.fr\/wp-content\/uploads\/2023\/01\/P1870834-1024x683.jpg\" alt=\"\" width=\"1024\" height=\"683\" loading=\"lazy\"\/><\/div><div class=\"uagb-ifb-title-wrap\"><h5 class=\"uagb-ifb-title\">STAGE PILOTAGE<\/h5><\/div><p class=\"uagb-ifb-desc\">C\u2019est l\u2019occasion de revoir ses bases ou de perfectionner sa technique de pilotage.<br>3h ou journ\u00e9e compl\u00e8te, seul ou entre amis, \u00e0 chacun sa formule<br><br><\/p><div class=\"uagb-ifb-button-wrapper wp-block-button\"><a href=\"http:\/\/bcbc64.fr\/index.php\/2021\/02\/01\/stage-pilotage\" class=\"uagb-infobox-cta-link wp-block-button__link\" target=\"_blank\" rel=\"noopener noreferrer\" alt=\"\"><span class=\"uagb-inline-editing\">DETAILS STAGE DE PILOTAGE ICI<\/span><\/a><\/div><\/div><\/div>\n<\/div>\n\n\n\n<div class=\"wp-block-uagb-container uagb-block-580ed548\">\n<div class=\"wp-block-uagb-info-box uagb-block-17aef741 uagb-infobox__content-wrap  uagb-infobox-icon-above-title uagb-infobox-image-valign-top\"><div class=\"uagb-ifb-content\"><div class=\"uagb-ifb-image-content\"><img decoding=\"async\" src=\"http:\/\/bcbc64.fr\/wp-content\/uploads\/2022\/11\/IMG-20220601-WA0045-e1673001387630.jpg\" alt=\"\" width=\"852\" height=\"569\" loading=\"lazy\"\/><\/div><div class=\"uagb-ifb-title-wrap\"><h5 class=\"uagb-ifb-title\">TOUR GUID\u00c9 \/ SORTIE VENTA<\/h5><\/div><p class=\"uagb-ifb-desc\">Une \u00e9chapp\u00e9e en VTT au coeur du Pays Basque, guid\u00e9 par un moniteur passionn\u00e9, sur des sentiers s\u00e9lectionn\u00e9s par nos soins.<br>Panorama, villages typiques&nbsp;et gastronomie.<br><br><\/p><div class=\"uagb-ifb-button-wrapper wp-block-button\"><a href=\"bcbc64.fr\/index.php\/2021\/02\/01\/tour-guide-2\/\" class=\"uagb-infobox-cta-link wp-block-button__link\" target=\"_self\" rel=\"noopener noreferrer\" alt=\"\"><span class=\"uagb-inline-editing\">D\u00c9TAILS TOURS GUID\u00c9 ET VENTA ICI<\/span><\/a><\/div><\/div><\/div>\n<\/div>\n<\/div>\n\n\n\n<div class=\"wp-block-uagb-container uagb-block-c133566c\">\n<div class=\"wp-block-uagb-container uagb-block-18fbd3a1\">\n<div class=\"wp-block-uagb-info-box uagb-block-ba962c80 uagb-infobox__content-wrap  uagb-infobox-icon-above-title uagb-infobox-image-valign-top\"><div class=\"uagb-ifb-content\"><div class=\"uagb-ifb-image-content\"><img decoding=\"async\" src=\"https:\/\/bcbc64.fr\/wp-content\/uploads\/2024\/11\/Screenshot_20241123_140411.jpg\" alt=\"\" width=\"1200\" height=\"801\" loading=\"lazy\"\/><\/div><div class=\"uagb-ifb-title-wrap\"><h5 class=\"uagb-ifb-title\">TRAVERS\u00c9E DU PAYS BASQUE \/ S\u00c9JOURS VTT<\/h5><\/div><p class=\"uagb-ifb-desc\">Une \u00e9chapp\u00e9e en VTT au coeur du Pays Basque.&nbsp;<br>Que ce soit pour un weekend ou une semaine, votre s\u00e9jour est organis\u00e9 selon vos envies.<br><br><\/p><div class=\"uagb-ifb-button-wrapper wp-block-button\"><a href=\"bcbc64.fr\/index.php\/2021\/02\/11\/sejour-vtt\/\" class=\"uagb-infobox-cta-link wp-block-button__link\" target=\"_self\" rel=\"noopener noreferrer\" alt=\"\"><span class=\"uagb-inline-editing\">D\u00c9TAILS TRAVERS\u00c9E ET S\u00c9JOURS ICI<\/span><\/a><\/div><\/div><\/div>\n<\/div>\n\n\n\n<div class=\"wp-block-uagb-container uagb-block-9b04a78d\">\n<div class=\"wp-block-uagb-info-box uagb-block-05a92035 uagb-infobox__content-wrap  uagb-infobox-icon-above-title uagb-infobox-image-valign-top\"><div class=\"uagb-ifb-content\"><div class=\"uagb-ifb-image-content\"><img decoding=\"async\" src=\"http:\/\/bcbc64.fr\/wp-content\/uploads\/2023\/01\/tof-ride-2.jpg\" alt=\"navette enduro\" width=\"600\" height=\"400\" loading=\"lazy\"\/><\/div><div class=\"uagb-ifb-title-wrap\"><h5 class=\"uagb-ifb-title\">NAVETTE ENDURO<\/h5><\/div><p class=\"uagb-ifb-desc\">&nbsp;Embarquez avec vos amis ou rejoignez le groupe dans la navette BCBC64!<br>(r\u00e9serv\u00e9 aux riders confirm\u00e9s)<br><br><\/p><div class=\"uagb-ifb-button-wrapper wp-block-button\"><a href=\"bcbc64.fr\/index.php\/2021\/02\/01\/navette-enduro-2\/\" class=\"uagb-infobox-cta-link wp-block-button__link\" target=\"_self\" rel=\"noopener noreferrer\" alt=\"\"><span class=\"uagb-inline-editing\">D\u00c9TAILS NAVETTE ENDURO ICI<\/span><\/a><\/div><\/div><\/div>\n<\/div>\n<\/div>\n<\/div><\/div>\n\n\n\n<div class=\"wp-block-uagb-container uagb-block-4da5d0e0 alignfull uagb-is-root-container\"><div class=\"uagb-container-inner-blocks-wrap\">\n<div class=\"wp-block-uagb-container uagb-block-0f83e710\">\n<div class=\"wp-block-uagb-advanced-heading uagb-block-d2d48594\"><h3 class=\"uagb-heading-text\">Les + BCBC64<\/h3><div class=\"uagb-separator\"><\/div><p class=\"uagb-desc-text\">\u2013 La vari\u00e9t\u00e9 des circuits BCBC64 permet une grande possibilit\u00e9 de niveaux, et des chemins toujours in\u00e9dits, m\u00eame si vous \u00eates d\u00e9j\u00e0 venus !<br>\u2013 BCBC64 s\u2019adapte \u00e0 votre lieu de vacances, en proposant des circuits proches de votre h\u00e9bergement<br>\u2013 Si vous avez besoin de louer vos v\u00e9los, nous g\u00e9rons enti\u00e8rement la logistique.<br>\u2013 BCBC64 assure l\u2019assistance m\u00e9canique de toutes ses sorties.<\/p><\/div>\n\n\n\n<div class=\"wp-block-uagb-icon-list uagb-block-3e315644\"><div class=\"uagb-icon-list__wrap\">\n<div class=\"wp-block-uagb-icon-list-child uagb-block-21f18b77\"><span class=\"uagb-icon-list__source-wrap\"><svg xmlns=\"https:\/\/www.w3.org\/2000\/svg\" viewBox=\"0 0 512 512\"><path d=\"M256 0C114.6 0 0 114.6 0 256c0 141.4 114.6 256 256 256s256-114.6 256-256C512 114.6 397.4 0 256 0zM406.6 278.6l-103.1 103.1c-12.5 12.5-32.75 12.5-45.25 0s-12.5-32.75 0-45.25L306.8 288H128C110.3 288 96 273.7 96 256s14.31-32 32-32h178.8l-49.38-49.38c-12.5-12.5-12.5-32.75 0-45.25s32.75-12.5 45.25 0l103.1 103.1C414.6 241.3 416 251.1 416 256C416 260.9 414.6 270.7 406.6 278.6z\"><\/path><\/svg><\/span><span class=\"uagb-icon-list__label\"><strong>CONTACTEZ-NOUS<\/strong><\/span><\/div>\n\n\n\n<div class=\"wp-block-uagb-icon-list-child uagb-block-27399a2b\"><span class=\"uagb-icon-list__label\"><strong><strong>T\u00e9l\u00e9phone:<\/strong> <\/strong>06 16 33 39 61<\/span><\/div>\n\n\n\n<div class=\"wp-block-uagb-icon-list-child uagb-block-49b68bf7\"><span class=\"uagb-icon-list__label\"><strong><strong>Email:<\/strong> <\/strong>delaunay.alexandre64@gmail.com<\/span><\/div>\n<\/div><\/div>\n<\/div>\n\n\n\n<div class=\"wp-block-uagb-container uagb-block-071e00a4\">\n<div class=\"wp-block-uagb-advanced-heading uagb-block-129a5424\"><h3 class=\"uagb-heading-text\">Bon cadeau<\/h3><div class=\"uagb-separator\"><\/div><p class=\"uagb-desc-text\">Toutes nos prestations sont disponibles en bon cadeau, contactez-nous pour plus d\u2019infos.<\/p><\/div>\n\n\n\n<figure class=\"wp-block-image size-large\"><img loading=\"lazy\" decoding=\"async\" width=\"1024\" height=\"636\" src=\"http:\/\/bcbc64.fr\/wp-content\/uploads\/2022\/12\/Capture-decran-2022-12-23-a-21.04.35-1-1024x636.png\" alt=\"\" class=\"wp-image-5401\" srcset=\"https:\/\/bcbc64.fr\/wp-content\/uploads\/2022\/12\/Capture-decran-2022-12-23-a-21.04.35-1-1024x636.png 1024w, https:\/\/bcbc64.fr\/wp-content\/uploads\/2022\/12\/Capture-decran-2022-12-23-a-21.04.35-1-300x186.png 300w, https:\/\/bcbc64.fr\/wp-content\/uploads\/2022\/12\/Capture-decran-2022-12-23-a-21.04.35-1-768x477.png 768w, https:\/\/bcbc64.fr\/wp-content\/uploads\/2022\/12\/Capture-decran-2022-12-23-a-21.04.35-1-1536x953.png 1536w, https:\/\/bcbc64.fr\/wp-content\/uploads\/2022\/12\/Capture-decran-2022-12-23-a-21.04.35-1.png 1882w\" sizes=\"auto, (max-width: 1024px) 100vw, 1024px\" \/><\/figure>\n\n\n\n<div class=\"wp-block-uagb-icon-list uagb-block-d038f60f\"><div class=\"uagb-icon-list__wrap\">\n<div class=\"wp-block-uagb-icon-list-child uagb-block-fa2406ec\"><span class=\"uagb-icon-list__source-wrap\"><svg xmlns=\"https:\/\/www.w3.org\/2000\/svg\" viewBox=\"0 0 512 512\"><path d=\"M256 0C114.6 0 0 114.6 0 256c0 141.4 114.6 256 256 256s256-114.6 256-256C512 114.6 397.4 0 256 0zM406.6 278.6l-103.1 103.1c-12.5 12.5-32.75 12.5-45.25 0s-12.5-32.75 0-45.25L306.8 288H128C110.3 288 96 273.7 96 256s14.31-32 32-32h178.8l-49.38-49.38c-12.5-12.5-12.5-32.75 0-45.25s32.75-12.5 45.25 0l103.1 103.1C414.6 241.3 416 251.1 416 256C416 260.9 414.6 270.7 406.6 278.6z\"><\/path><\/svg><\/span><\/div>\n<\/div><\/div>\n<\/div>\n<\/div><\/div>\n","protected":false},"excerpt":{"rendered":"","protected":false},"author":2,"featured_media":0,"parent":0,"menu_order":0,"comment_status":"closed","ping_status":"closed","template":"","meta":{"_uag_custom_page_level_css":"","site-sidebar-layout":"no-sidebar","site-content-layout":"plain-container","ast-global-header-display":"","ast-main-header-display":"","ast-hfb-above-header-display":"","ast-hfb-below-header-display":"","ast-hfb-mobile-header-display":"","site-post-title":"disabled","ast-breadcrumbs-content":"","ast-featured-img":"","footer-sml-layout":"","theme-transparent-header-meta":"enabled","adv-header-id-meta":"","stick-header-meta":"","header-above-stick-meta":"","header-main-stick-meta":"","header-below-stick-meta":"","footnotes":""},"class_list":["post-8","page","type-page","status-publish","hentry"],"yoast_head":"<!-- This site is optimized with the Yoast SEO plugin v19.13 - https:\/\/yoast.com\/wordpress\/plugins\/seo\/ -->\n<title>ADULTES - BASQUE COUNTRY BIKE CAMP<\/title>\n<meta name=\"description\" content=\"Votre guide et coach VTT au Pays Basque, ouvert toute l&#039;ann\u00e9e !\" \/>\n<meta name=\"robots\" content=\"index, follow, max-snippet:-1, max-image-preview:large, max-video-preview:-1\" \/>\n<link rel=\"canonical\" href=\"https:\/\/bcbc64.fr\/index.php\/services\/\" \/>\n<meta property=\"og:locale\" content=\"fr_FR\" \/>\n<meta property=\"og:type\" content=\"article\" \/>\n<meta property=\"og:title\" content=\"ADULTES - BASQUE COUNTRY BIKE CAMP\" \/>\n<meta property=\"og:description\" content=\"Votre guide et coach VTT au Pays Basque, ouvert toute l&#039;ann\u00e9e !\" \/>\n<meta property=\"og:url\" content=\"https:\/\/bcbc64.fr\/index.php\/services\/\" \/>\n<meta property=\"og:site_name\" content=\"BASQUE COUNTRY BIKE CAMP\" \/>\n<meta property=\"article:modified_time\" content=\"2024-11-23T13:05:30+00:00\" \/>\n<meta property=\"og:image\" content=\"http:\/\/bcbc64.fr\/wp-content\/uploads\/2023\/01\/P1870834-1024x683.jpg\" \/>\n<meta name=\"twitter:card\" content=\"summary_large_image\" \/>\n<meta name=\"twitter:label1\" content=\"Dur\u00e9e de lecture estim\u00e9e\" \/>\n\t<meta name=\"twitter:data1\" content=\"3 minutes\" \/>\n<script type=\"application\/ld+json\" class=\"yoast-schema-graph\">{\"@context\":\"https:\/\/schema.org\",\"@graph\":[{\"@type\":\"WebPage\",\"@id\":\"https:\/\/bcbc64.fr\/index.php\/services\/\",\"url\":\"https:\/\/bcbc64.fr\/index.php\/services\/\",\"name\":\"ADULTES - BASQUE COUNTRY BIKE CAMP\",\"isPartOf\":{\"@id\":\"https:\/\/bcbc64.fr\/#website\"},\"datePublished\":\"2020-09-15T04:48:51+00:00\",\"dateModified\":\"2024-11-23T13:05:30+00:00\",\"description\":\"Votre guide et coach VTT au Pays Basque, ouvert toute l'ann\u00e9e !\",\"breadcrumb\":{\"@id\":\"https:\/\/bcbc64.fr\/index.php\/services\/#breadcrumb\"},\"inLanguage\":\"fr-FR\",\"potentialAction\":[{\"@type\":\"ReadAction\",\"target\":[\"https:\/\/bcbc64.fr\/index.php\/services\/\"]}]},{\"@type\":\"BreadcrumbList\",\"@id\":\"https:\/\/bcbc64.fr\/index.php\/services\/#breadcrumb\",\"itemListElement\":[{\"@type\":\"ListItem\",\"position\":1,\"name\":\"Accueil\",\"item\":\"https:\/\/bcbc64.fr\/\"},{\"@type\":\"ListItem\",\"position\":2,\"name\":\"ADULTES\"}]},{\"@type\":\"WebSite\",\"@id\":\"https:\/\/bcbc64.fr\/#website\",\"url\":\"https:\/\/bcbc64.fr\/\",\"name\":\"BASQUE COUNTRY BIKE CAMP\",\"description\":\"Moniteur vtt au pays basque\",\"publisher\":{\"@id\":\"https:\/\/bcbc64.fr\/#organization\"},\"potentialAction\":[{\"@type\":\"SearchAction\",\"target\":{\"@type\":\"EntryPoint\",\"urlTemplate\":\"https:\/\/bcbc64.fr\/?s={search_term_string}\"},\"query-input\":\"required name=search_term_string\"}],\"inLanguage\":\"fr-FR\"},{\"@type\":\"Organization\",\"@id\":\"https:\/\/bcbc64.fr\/#organization\",\"name\":\"BASQUE COUNTRY BIKE CAMP\",\"url\":\"https:\/\/bcbc64.fr\/\",\"logo\":{\"@type\":\"ImageObject\",\"inLanguage\":\"fr-FR\",\"@id\":\"https:\/\/bcbc64.fr\/#\/schema\/logo\/image\/\",\"url\":\"https:\/\/bcbc64.fr\/wp-content\/uploads\/2023\/01\/cropped-BCBCCOL-1.png\",\"contentUrl\":\"https:\/\/bcbc64.fr\/wp-content\/uploads\/2023\/01\/cropped-BCBCCOL-1.png\",\"width\":1568,\"height\":1332,\"caption\":\"BASQUE COUNTRY BIKE CAMP\"},\"image\":{\"@id\":\"https:\/\/bcbc64.fr\/#\/schema\/logo\/image\/\"}}]}<\/script>\n<!-- \/ Yoast SEO plugin. -->","yoast_head_json":{"title":"ADULTES - BASQUE COUNTRY BIKE CAMP","description":"Votre guide et coach VTT au Pays Basque, ouvert toute l'ann\u00e9e !","robots":{"index":"index","follow":"follow","max-snippet":"max-snippet:-1","max-image-preview":"max-image-preview:large","max-video-preview":"max-video-preview:-1"},"canonical":"https:\/\/bcbc64.fr\/index.php\/services\/","og_locale":"fr_FR","og_type":"article","og_title":"ADULTES - BASQUE COUNTRY BIKE CAMP","og_description":"Votre guide et coach VTT au Pays Basque, ouvert toute l'ann\u00e9e !","og_url":"https:\/\/bcbc64.fr\/index.php\/services\/","og_site_name":"BASQUE COUNTRY BIKE CAMP","article_modified_time":"2024-11-23T13:05:30+00:00","og_image":[{"url":"http:\/\/bcbc64.fr\/wp-content\/uploads\/2023\/01\/P1870834-1024x683.jpg"}],"twitter_card":"summary_large_image","twitter_misc":{"Dur\u00e9e de lecture estim\u00e9e":"3 minutes"},"schema":{"@context":"https:\/\/schema.org","@graph":[{"@type":"WebPage","@id":"https:\/\/bcbc64.fr\/index.php\/services\/","url":"https:\/\/bcbc64.fr\/index.php\/services\/","name":"ADULTES - BASQUE COUNTRY BIKE CAMP","isPartOf":{"@id":"https:\/\/bcbc64.fr\/#website"},"datePublished":"2020-09-15T04:48:51+00:00","dateModified":"2024-11-23T13:05:30+00:00","description":"Votre guide et coach VTT au Pays Basque, ouvert toute l'ann\u00e9e !","breadcrumb":{"@id":"https:\/\/bcbc64.fr\/index.php\/services\/#breadcrumb"},"inLanguage":"fr-FR","potentialAction":[{"@type":"ReadAction","target":["https:\/\/bcbc64.fr\/index.php\/services\/"]}]},{"@type":"BreadcrumbList","@id":"https:\/\/bcbc64.fr\/index.php\/services\/#breadcrumb","itemListElement":[{"@type":"ListItem","position":1,"name":"Accueil","item":"https:\/\/bcbc64.fr\/"},{"@type":"ListItem","position":2,"name":"ADULTES"}]},{"@type":"WebSite","@id":"https:\/\/bcbc64.fr\/#website","url":"https:\/\/bcbc64.fr\/","name":"BASQUE COUNTRY BIKE CAMP","description":"Moniteur vtt au pays basque","publisher":{"@id":"https:\/\/bcbc64.fr\/#organization"},"potentialAction":[{"@type":"SearchAction","target":{"@type":"EntryPoint","urlTemplate":"https:\/\/bcbc64.fr\/?s={search_term_string}"},"query-input":"required name=search_term_string"}],"inLanguage":"fr-FR"},{"@type":"Organization","@id":"https:\/\/bcbc64.fr\/#organization","name":"BASQUE COUNTRY BIKE CAMP","url":"https:\/\/bcbc64.fr\/","logo":{"@type":"ImageObject","inLanguage":"fr-FR","@id":"https:\/\/bcbc64.fr\/#\/schema\/logo\/image\/","url":"https:\/\/bcbc64.fr\/wp-content\/uploads\/2023\/01\/cropped-BCBCCOL-1.png","contentUrl":"https:\/\/bcbc64.fr\/wp-content\/uploads\/2023\/01\/cropped-BCBCCOL-1.png","width":1568,"height":1332,"caption":"BASQUE COUNTRY BIKE CAMP"},"image":{"@id":"https:\/\/bcbc64.fr\/#\/schema\/logo\/image\/"}}]}},"uagb_featured_image_src":{"full":false,"thumbnail":false,"medium":false,"medium_large":false,"large":false,"1536x1536":false,"2048x2048":false},"uagb_author_info":{"display_name":"alex","author_link":"https:\/\/bcbc64.fr\/index.php\/author\/moi\/"},"uagb_comment_info":0,"uagb_excerpt":null,"jetpack_sharing_enabled":true,"_links":{"self":[{"href":"https:\/\/bcbc64.fr\/index.php\/wp-json\/wp\/v2\/pages\/8","targetHints":{"allow":["GET"]}}],"collection":[{"href":"https:\/\/bcbc64.fr\/index.php\/wp-json\/wp\/v2\/pages"}],"about":[{"href":"https:\/\/bcbc64.fr\/index.php\/wp-json\/wp\/v2\/types\/page"}],"author":[{"embeddable":true,"href":"https:\/\/bcbc64.fr\/index.php\/wp-json\/wp\/v2\/users\/2"}],"replies":[{"embeddable":true,"href":"https:\/\/bcbc64.fr\/index.php\/wp-json\/wp\/v2\/comments?post=8"}],"version-history":[{"count":27,"href":"https:\/\/bcbc64.fr\/index.php\/wp-json\/wp\/v2\/pages\/8\/revisions"}],"predecessor-version":[{"id":6128,"href":"https:\/\/bcbc64.fr\/index.php\/wp-json\/wp\/v2\/pages\/8\/revisions\/6128"}],"wp:attachment":[{"href":"https:\/\/bcbc64.fr\/index.php\/wp-json\/wp\/v2\/media?parent=8"}],"curies":[{"name":"wp","href":"https:\/\/api.w.org\/{rel}","templated":true}]}}